{"id":138,"date":"2022-02-01T16:24:58","date_gmt":"2022-02-01T15:24:58","guid":{"rendered":"http:\/\/logo-rent.com\/kapcsolat\/"},"modified":"2022-03-01T10:21:33","modified_gmt":"2022-03-01T09:21:33","slug":"kapcsolat","status":"publish","type":"page","link":"http:\/\/logo-rent.com\/hu\/kapcsolat\/","title":{"rendered":"Kapcsolat"},"content":{"rendered":"<p>[et_pb_section fb_built=&#8221;1&#8243; fullwidth=&#8221;on&#8221; _builder_version=&#8221;4.14.6&#8243; _module_preset=&#8221;default&#8221; global_colors_info=&#8221;{}&#8221;][et_pb_fullwidth_header _builder_version=&#8221;4.14.6&#8243; _module_preset=&#8221;default&#8221; background_image=&#8221;http:\/\/logo-rent.com\/wp-content\/uploads\/stock-photo-industrial-grade-refrigerator-semi-trailers-with-reefer-units-on-the-front-wall-and-without-semi-1747815950.jpg&#8221; height=&#8221;600px&#8221; global_colors_info=&#8221;{}&#8221;][\/et_pb_fullwidth_header][\/et_pb_section][et_pb_section fb_built=&#8221;1&#8243; _builder_version=&#8221;3.22&#8243; global_colors_info=&#8221;{}&#8221;][et_pb_row _builder_version=&#8221;3.25&#8243; background_size=&#8221;initial&#8221; background_position=&#8221;top_left&#8221; background_repeat=&#8221;repeat&#8221; global_colors_info=&#8221;{}&#8221;][et_pb_column type=&#8221;4_4&#8243; _builder_version=&#8221;3.25&#8243; custom_padding=&#8221;|||&#8221; global_colors_info=&#8221;{}&#8221; custom_padding__hover=&#8221;|||&#8221;][et_pb_post_title meta=&#8221;off&#8221; featured_image=&#8221;off&#8221; text_color=&#8221;light&#8221; text_background=&#8221;on&#8221; text_bg_color=&#8221;#FE4902&#8243; _builder_version=&#8221;4.14.6&#8243; _module_preset=&#8221;default&#8221; background_color=&#8221;#FE4902&#8243; custom_margin=&#8221;||||false|false&#8221; custom_padding=&#8221;9px||||false|false&#8221; global_colors_info=&#8221;{}&#8221;][\/et_pb_post_title][\/et_pb_column][\/et_pb_row][et_pb_row _builder_version=&#8221;4.14.7&#8243; _module_preset=&#8221;default&#8221; global_colors_info=&#8221;{}&#8221;][et_pb_column type=&#8221;4_4&#8243; _builder_version=&#8221;4.14.7&#8243; _module_preset=&#8221;default&#8221; global_colors_info=&#8221;{}&#8221;][et_pb_text _builder_version=&#8221;4.14.7&#8243; _module_preset=&#8221;default&#8221; hover_enabled=&#8221;0&#8243; global_colors_info=&#8221;{}&#8221; sticky_enabled=&#8221;0&#8243;]<\/p>\n<h2>V\u00e1rjuk \u00e9rdekl\u0151d\u00e9s\u00e9t<\/h2>\n<ul class=\"fa-ul\"><\/ul>\n<p><span class=\"et-pb-icon texticon\">\ue00b<\/span> <a href=\"tel:+36304386354\">+36 30 438 6354<\/a><\/p>\n<p><span class=\"et-pb-icon texticon\">\ue076<\/span> <a href=\"mailto:info@logo-rent.com\">info@logo-rent.com<\/a><\/p>\n<p>[\/et_pb_text][\/et_pb_column][\/et_pb_row][\/et_pb_section]<\/p>\n","protected":false},"excerpt":{"rendered":"<p>V\u00e1rjuk \u00e9rdekl\u0151d\u00e9s\u00e9t \ue00b +36 30 438 6354 \ue076 info@logo-rent.com<\/p>\n","protected":false},"author":3,"featured_media":0,"parent":0,"menu_order":0,"comment_status":"closed","ping_status":"closed","template":"","meta":{"_et_pb_use_builder":"on","_et_pb_old_content":"","_et_gb_content_width":"","footnotes":""},"class_list":["post-138","page","type-page","status-publish","hentry"],"yoast_head":"<!-- This site is optimized with the Yoast SEO plugin v24.7 - https:\/\/yoast.com\/wordpress\/plugins\/seo\/ -->\n<title>Kapcsolat - Logo Rent<\/title>\n<meta name=\"robots\" content=\"index, follow, max-snippet:-1, max-image-preview:large, max-video-preview:-1\" \/>\n<link rel=\"canonical\" href=\"http:\/\/logo-rent.com\/hu\/kapcsolat\/\" \/>\n<meta property=\"og:locale\" content=\"hu_HU\" \/>\n<meta property=\"og:type\" content=\"article\" \/>\n<meta property=\"og:title\" content=\"Kapcsolat - Logo Rent\" \/>\n<meta property=\"og:description\" content=\"V\u00e1rjuk \u00e9rdekl\u0151d\u00e9s\u00e9t \ue00b +36 30 438 6354 \ue076 info@logo-rent.com\" \/>\n<meta property=\"og:url\" content=\"http:\/\/logo-rent.com\/hu\/kapcsolat\/\" \/>\n<meta property=\"og:site_name\" content=\"Logo Rent\" \/>\n<meta property=\"article:modified_time\" content=\"2022-03-01T09:21:33+00:00\" \/>\n<meta property=\"og:image\" content=\"http:\/\/logo-rent.com\/wp-content\/uploads\/logo-rent-1400x898.png\" \/>\n\t<meta property=\"og:image:width\" content=\"1400\" \/>\n\t<meta property=\"og:image:height\" content=\"898\" \/>\n\t<meta property=\"og:image:type\" content=\"image\/png\" \/>\n<meta name=\"twitter:card\" content=\"summary_large_image\" \/>\n<meta name=\"twitter:label1\" content=\"Becs\u00fclt olvas\u00e1si id\u0151\" \/>\n\t<meta name=\"twitter:data1\" content=\"1 perc\" \/>\n<script type=\"application\/ld+json\" class=\"yoast-schema-graph\">{\"@context\":\"https:\/\/schema.org\",\"@graph\":[{\"@type\":\"WebPage\",\"@id\":\"http:\/\/logo-rent.com\/hu\/kapcsolat\/\",\"url\":\"http:\/\/logo-rent.com\/hu\/kapcsolat\/\",\"name\":\"Kapcsolat - Logo Rent\",\"isPartOf\":{\"@id\":\"http:\/\/logo-rent.com\/hu\/#website\"},\"datePublished\":\"2022-02-01T15:24:58+00:00\",\"dateModified\":\"2022-03-01T09:21:33+00:00\",\"breadcrumb\":{\"@id\":\"http:\/\/logo-rent.com\/hu\/kapcsolat\/#breadcrumb\"},\"inLanguage\":\"hu\",\"potentialAction\":[{\"@type\":\"ReadAction\",\"target\":[\"http:\/\/logo-rent.com\/hu\/kapcsolat\/\"]}]},{\"@type\":\"BreadcrumbList\",\"@id\":\"http:\/\/logo-rent.com\/hu\/kapcsolat\/#breadcrumb\",\"itemListElement\":[{\"@type\":\"ListItem\",\"position\":1,\"name\":\"Startseite\",\"item\":\"http:\/\/logo-rent.com\/hu\/\"},{\"@type\":\"ListItem\",\"position\":2,\"name\":\"Kapcsolat\"}]},{\"@type\":\"WebSite\",\"@id\":\"http:\/\/logo-rent.com\/hu\/#website\",\"url\":\"http:\/\/logo-rent.com\/hu\/\",\"name\":\"Logo Rent\",\"description\":\"K\u00fchltrailer in Ungarn mieten\",\"publisher\":{\"@id\":\"http:\/\/logo-rent.com\/hu\/#organization\"},\"potentialAction\":[{\"@type\":\"SearchAction\",\"target\":{\"@type\":\"EntryPoint\",\"urlTemplate\":\"http:\/\/logo-rent.com\/hu\/?s={search_term_string}\"},\"query-input\":{\"@type\":\"PropertyValueSpecification\",\"valueRequired\":true,\"valueName\":\"search_term_string\"}}],\"inLanguage\":\"hu\"},{\"@type\":\"Organization\",\"@id\":\"http:\/\/logo-rent.com\/hu\/#organization\",\"name\":\"Logo Rent\",\"url\":\"http:\/\/logo-rent.com\/hu\/\",\"logo\":{\"@type\":\"ImageObject\",\"inLanguage\":\"hu\",\"@id\":\"http:\/\/logo-rent.com\/hu\/#\/schema\/logo\/image\/\",\"url\":\"http:\/\/logo-rent.com\/wp-content\/uploads\/logo-rent.jpg\",\"contentUrl\":\"http:\/\/logo-rent.com\/wp-content\/uploads\/logo-rent.jpg\",\"width\":500,\"height\":117,\"caption\":\"Logo Rent\"},\"image\":{\"@id\":\"http:\/\/logo-rent.com\/hu\/#\/schema\/logo\/image\/\"}}]}<\/script>\n<!-- \/ Yoast SEO plugin. -->","yoast_head_json":{"title":"Kapcsolat - Logo Rent","robots":{"index":"index","follow":"follow","max-snippet":"max-snippet:-1","max-image-preview":"max-image-preview:large","max-video-preview":"max-video-preview:-1"},"canonical":"http:\/\/logo-rent.com\/hu\/kapcsolat\/","og_locale":"hu_HU","og_type":"article","og_title":"Kapcsolat - Logo Rent","og_description":"V\u00e1rjuk \u00e9rdekl\u0151d\u00e9s\u00e9t \ue00b +36 30 438 6354 \ue076 info@logo-rent.com","og_url":"http:\/\/logo-rent.com\/hu\/kapcsolat\/","og_site_name":"Logo Rent","article_modified_time":"2022-03-01T09:21:33+00:00","og_image":[{"width":1400,"height":898,"url":"http:\/\/logo-rent.com\/wp-content\/uploads\/logo-rent-1400x898.png","type":"image\/png"}],"twitter_card":"summary_large_image","twitter_misc":{"Becs\u00fclt olvas\u00e1si id\u0151":"1 perc"},"schema":{"@context":"https:\/\/schema.org","@graph":[{"@type":"WebPage","@id":"http:\/\/logo-rent.com\/hu\/kapcsolat\/","url":"http:\/\/logo-rent.com\/hu\/kapcsolat\/","name":"Kapcsolat - Logo Rent","isPartOf":{"@id":"http:\/\/logo-rent.com\/hu\/#website"},"datePublished":"2022-02-01T15:24:58+00:00","dateModified":"2022-03-01T09:21:33+00:00","breadcrumb":{"@id":"http:\/\/logo-rent.com\/hu\/kapcsolat\/#breadcrumb"},"inLanguage":"hu","potentialAction":[{"@type":"ReadAction","target":["http:\/\/logo-rent.com\/hu\/kapcsolat\/"]}]},{"@type":"BreadcrumbList","@id":"http:\/\/logo-rent.com\/hu\/kapcsolat\/#breadcrumb","itemListElement":[{"@type":"ListItem","position":1,"name":"Startseite","item":"http:\/\/logo-rent.com\/hu\/"},{"@type":"ListItem","position":2,"name":"Kapcsolat"}]},{"@type":"WebSite","@id":"http:\/\/logo-rent.com\/hu\/#website","url":"http:\/\/logo-rent.com\/hu\/","name":"Logo Rent","description":"K\u00fchltrailer in Ungarn mieten","publisher":{"@id":"http:\/\/logo-rent.com\/hu\/#organization"},"potentialAction":[{"@type":"SearchAction","target":{"@type":"EntryPoint","urlTemplate":"http:\/\/logo-rent.com\/hu\/?s={search_term_string}"},"query-input":{"@type":"PropertyValueSpecification","valueRequired":true,"valueName":"search_term_string"}}],"inLanguage":"hu"},{"@type":"Organization","@id":"http:\/\/logo-rent.com\/hu\/#organization","name":"Logo Rent","url":"http:\/\/logo-rent.com\/hu\/","logo":{"@type":"ImageObject","inLanguage":"hu","@id":"http:\/\/logo-rent.com\/hu\/#\/schema\/logo\/image\/","url":"http:\/\/logo-rent.com\/wp-content\/uploads\/logo-rent.jpg","contentUrl":"http:\/\/logo-rent.com\/wp-content\/uploads\/logo-rent.jpg","width":500,"height":117,"caption":"Logo Rent"},"image":{"@id":"http:\/\/logo-rent.com\/hu\/#\/schema\/logo\/image\/"}}]}},"_links":{"self":[{"href":"http:\/\/logo-rent.com\/hu\/wp-json\/wp\/v2\/pages\/138","targetHints":{"allow":["GET"]}}],"collection":[{"href":"http:\/\/logo-rent.com\/hu\/wp-json\/wp\/v2\/pages"}],"about":[{"href":"http:\/\/logo-rent.com\/hu\/wp-json\/wp\/v2\/types\/page"}],"author":[{"embeddable":true,"href":"http:\/\/logo-rent.com\/hu\/wp-json\/wp\/v2\/users\/3"}],"replies":[{"embeddable":true,"href":"http:\/\/logo-rent.com\/hu\/wp-json\/wp\/v2\/comments?post=138"}],"version-history":[{"count":2,"href":"http:\/\/logo-rent.com\/hu\/wp-json\/wp\/v2\/pages\/138\/revisions"}],"predecessor-version":[{"id":140,"href":"http:\/\/logo-rent.com\/hu\/wp-json\/wp\/v2\/pages\/138\/revisions\/140"}],"wp:attachment":[{"href":"http:\/\/logo-rent.com\/hu\/wp-json\/wp\/v2\/media?parent=138"}],"curies":[{"name":"wp","href":"https:\/\/api.w.org\/{rel}","templated":true}]}}

<p>[et_pb_section fb_built=&#8221;1&#8243; fullwidth=&#8221;on&#8221; _builder_version=&#8221;4.14.6&#8243; _module_preset=&#8221;default&#8221; global_colors_info=&#8221;{}&#8221;][et_pb_fullwidth_header _builder_version=&#8221;4.14.6&#8243; _module_preset=&#8221;default&#8221; background_image=&#8221;http://logo-rent.com/wp-content/uploads/stock-photo-industrial-grade-refrigerator-semi-trailers-with-reefer-units-on-the-front-wall-and-without-semi-1747815950.jpg&#8221; height=&#8221;600px&#8221; global_colors_info=&#8221;{}&#8221;][/et_pb_fullwidth_header][/et_pb_section][et_pb_section fb_built=&#8221;1&#8243; _builder_version=&#8221;3.22&#8243; global_colors_info=&#8221;{}&#8221;][et_pb_row _builder_version=&#8221;3.25&#8243; background_size=&#8221;initial&#8221; background_position=&#8221;top_left&#8221; background_repeat=&#8221;repeat&#8221; global_colors_info=&#8221;{}&#8221;][et_pb_column type=&#8221;4_4&#8243; _builder_version=&#8221;3.25&#8243; custom_padding=&#8221;|||&#8221; global_colors_info=&#8221;{}&#8221; custom_padding__hover=&#8221;|||&#8221;][et_pb_post_title meta=&#8221;off&#8221; featured_image=&#8221;off&#8221; text_color=&#8221;light&#8221; text_background=&#8221;on&#8221; text_bg_color=&#8221;#FE4902&#8243; _builder_version=&#8221;4.14.6&#8243; _module_preset=&#8221;default&#8221; background_color=&#8221;#FE4902&#8243; custom_margin=&#8221;||||false|false&#8221; custom_padding=&#8221;9px||||false|false&#8221; global_colors_info=&#8221;{}&#8221;][/et_pb_post_title][/et_pb_column][/et_pb_row][et_pb_row _builder_version=&#8221;4.14.7&#8243; _module_preset=&#8221;default&#8221; global_colors_info=&#8221;{}&#8221;][et_pb_column type=&#8221;4_4&#8243; _builder_version=&#8221;4.14.7&#8243; _module_preset=&#8221;default&#8221; global_colors_info=&#8221;{}&#8221;][et_pb_text _builder_version=&#8221;4.14.7&#8243; _module_preset=&#8221;default&#8221; hover_enabled=&#8221;0&#8243; global_colors_info=&#8221;{}&#8221; sticky_enabled=&#8221;0&#8243;]</p>
<h2>Várjuk érdeklődését</h2>
<ul class="fa-ul"></ul>
<p><span class="et-pb-icon texticon"></span> <a href="tel:+36304386354">+36 30 438 6354</a></p>
<p><span class="et-pb-icon texticon"></span> <a href="mailto:info@logo-rent.com">info@logo-rent.com</a></p>
<p>[/et_pb_text][/et_pb_column][/et_pb_row][/et_pb_section]</p>

<p>Várjuk érdeklődését  +36 30 438 6354  info@logo-rent.com</p>

<!-- This site is optimized with the Yoast SEO plugin v24.7 - https://yoast.com/wordpress/plugins/seo/ -->
<title>Kapcsolat - Logo Rent</title>
<meta name="robots" content="index, follow, max-snippet:-1, max-image-preview:large, max-video-preview:-1" />
<link rel="canonical" href="http://logo-rent.com/hu/kapcsolat/" />
<meta property="og:locale" content="hu_HU" />
<meta property="og:type" content="article" />
<meta property="og:title" content="Kapcsolat - Logo Rent" />
<meta property="og:description" content="Várjuk érdeklődését  +36 30 438 6354  info@logo-rent.com" />
<meta property="og:url" content="http://logo-rent.com/hu/kapcsolat/" />
<meta property="og:site_name" content="Logo Rent" />
<meta property="article:modified_time" content="2022-03-01T09:21:33+00:00" />
<meta property="og:image" content="http://logo-rent.com/wp-content/uploads/logo-rent-1400x898.png" />
	<meta property="og:image:width" content="1400" />
	<meta property="og:image:height" content="898" />
	<meta property="og:image:type" content="image/png" />
<meta name="twitter:card" content="summary_large_image" />
<meta name="twitter:label1" content="Becsült olvasási idő" />
	<meta name="twitter:data1" content="1 perc" />
<script type="application/ld+json" class="yoast-schema-graph">{"@context":"https://schema.org","@graph":[{"@type":"WebPage","@id":"http://logo-rent.com/hu/kapcsolat/","url":"http://logo-rent.com/hu/kapcsolat/","name":"Kapcsolat - Logo Rent","isPartOf":{"@id":"http://logo-rent.com/hu/#website"},"datePublished":"2022-02-01T15:24:58+00:00","dateModified":"2022-03-01T09:21:33+00:00","breadcrumb":{"@id":"http://logo-rent.com/hu/kapcsolat/#breadcrumb"},"inLanguage":"hu","potentialAction":[{"@type":"ReadAction","target":["http://logo-rent.com/hu/kapcsolat/"]}]},{"@type":"BreadcrumbList","@id":"http://logo-rent.com/hu/kapcsolat/#breadcrumb","itemListElement":[{"@type":"ListItem","position":1,"name":"Startseite","item":"http://logo-rent.com/hu/"},{"@type":"ListItem","position":2,"name":"Kapcsolat"}]},{"@type":"WebSite","@id":"http://logo-rent.com/hu/#website","url":"http://logo-rent.com/hu/","name":"Logo Rent","description":"Kühltrailer in Ungarn mieten","publisher":{"@id":"http://logo-rent.com/hu/#organization"},"potentialAction":[{"@type":"SearchAction","target":{"@type":"EntryPoint","urlTemplate":"http://logo-rent.com/hu/?s={search_term_string}"},"query-input":{"@type":"PropertyValueSpecification","valueRequired":true,"valueName":"search_term_string"}}],"inLanguage":"hu"},{"@type":"Organization","@id":"http://logo-rent.com/hu/#organization","name":"Logo Rent","url":"http://logo-rent.com/hu/","logo":{"@type":"ImageObject","inLanguage":"hu","@id":"http://logo-rent.com/hu/#/schema/logo/image/","url":"http://logo-rent.com/wp-content/uploads/logo-rent.jpg","contentUrl":"http://logo-rent.com/wp-content/uploads/logo-rent.jpg","width":500,"height":117,"caption":"Logo Rent"},"image":{"@id":"http://logo-rent.com/hu/#/schema/logo/image/"}}]}</script>
<!-- / Yoast SEO plugin. -->

Várjuk érdeklődését  +36 30 438 6354  info@logo-rent.com

Kühltrailer in Ungarn mieten
